of m(-7)?
2, 5
What are the prime factors of (6939/(-2))/(((-23)/6)/23)?
3, 257
Suppose -4*d = 2*n - 44924, 0 = 3*n - 192*d + 191*d - 67442. What are the prime factors of n?
2, 11239
Suppose -9*w = -6*w + 11*w. Let l = 9 - w. What are the prime factors of 233 + (l - 2 - 4)?
2, 59
Let b = 622 - -956. Suppose 10*a - b = 2632. Let l = -232 + a. What are the prime factors of l?
3, 7
Let a = -58 - -64. Suppose -a*m + m = -20. List the prime factors of m + 3*4/(-12).
3
Let y(o) = 3*o**2 + 135*o + 953. List the prime factors of y(-40).
353
Suppose -70100 - 37121 = -3*k + 49721. What are the prime factors of k?
2, 3, 8719
Suppose 1071 = 2*z - 5*r, 4*z + 9*r - 2181 = 6*r. Suppose 8*h = z + 1577. What are the prime factors of h?
5, 53
Suppose v - 4*y + 6 = 0, -4*v + 5*y + 35 = 15. What are the prime factors of v/(-1*2) + (325 - -152)?
2, 59
Suppose 5 = -0*j - j, 0 = 5*w + 3*j - 35. Let p(c) = -6 + 33 + 21*c + 30 - w. What are the prime factors of p(10)?
257
Let l(x) = 34*x**2 - 35*x + 376. List the prime factors of l(14).
2, 5, 131
Let d = -623 - -626. Suppose 0 = 4*q - 5*b - 1187 - 1170, d*b - 585 = -q. List the prime factors of q.
2, 3, 7
Let g(t) = -4*t**3 - 6*t**2 + 5*t - 3. Let y be (((-270)/(-12))/5)/(3/(-4)). List the prime factors of g(y).
3, 5, 41
Suppose 0*h + 8 = 2*h. Let c(s) = -59*s**3 + s**2 - 1 - 7*s + 10*s - h*s. List the prime factors of c(-1).
2, 3, 5
Let w(l) be the third derivative of l**4/2 + 93*l**3/2 + 564*l**2 + 4*l - 2. Let s = -2 - -2. What are the prime factors of w(s)?
3, 31
Let s = -207 - -193. Let i(z) = 3*z**2 + 32*z - 9. List the prime factors of i(s).
131
What are the prime factors of ((-42)/(-126))/(1/40518)?
2, 3, 2251
Suppose -24*x + 60*x - 368892 = 0. List the prime factors of x.
10247
Let w(y) = 4*y + 4. Let f(m) = -m - 1. Let q(k) = 10*f(k) + 2*w(k). Let i be q(-5). List the prime factors of 230/((4/i)/(3/12)).
5, 23
Let a = 41491 - 14111. What are the prime factors of a?
2, 5, 37
Let v be (18/(-27))/(1/(-6)*2). Suppose v*p - 6 + 6 = 0. Suppose p*w - 525 = -7*w. What are the prime factors of w?
3, 5
Let l = 49 - 49. Suppose -3 = -3*j + 3, -5*n + 3*j + 19 = l. Suppose h - 25 = -n*b, -10 = 3*h - 2*b - 136. List the prime factors of h.
2, 5
List the prime factors of 6/(-18)*2440*(-990)/12.
2, 5, 11, 61
Suppose -2398 - 3008 = -p. Suppose 7*n - 1300 = p. What are the prime factors of n?
2, 479
Suppose 2347 + 2346 = 3*h - 2*p, -7820 = -5*h + 5*p. Let d = h - 645. List the prime factors of d.
2, 5, 23
Suppose -4*v + 30817 = -n, 0 = 2*v + v - 4*n - 23090. List the prime factors of v.
2, 3853
Suppose 109*c = 104*c + 2*n + 263958, 0 = 2*c + 5*n - 105531. What are the prime factors of c?
2, 3, 53, 83
Let p(z) = -86*z**2 - 36*z - 70. Let t(y) = -44*y**2 - 18*y - 35. Let b(r) = -3*p(r) + 5*t(r). What are the prime factors of b(-4)?
571
Suppose 3*v + 46 + 45 = 5*c, -4 = 4*c. Let x = 12 - v. What are the prime factors of 10549/x + 2/((-8)/3)?
239
What are the prime factors of 160176/42 - 74/(-259)?
2, 1907
Let w(y) = 2*y**2 + 7 - 4*y + 13 + 22. Let l be (-34)/(-3) + (-1 - 3) + (-407)/(-111). List the prime factors of w(l).
2, 3, 5
Let l be 108/96 - 1/8. What are the prime factors of l/((-4 - 5/(-1970)) + 4)?
2, 197
Suppose 15*l - 2*l - 19786 = 0. List the prime factors of l.
2, 761
Let s = 3431 - 2791. List the prime factors of s.
2, 5
Let i = -39451 - -76593. List the prime factors of i.
2, 7, 379
Let g = 50 + -58. Let v be 1 - g - -10*(-14)/35. Suppose 4*j = -v*p + 672, -5*p + 686 = -j - 2*j. List the prime factors of p.
2, 17
Let p be 54/(-1)*39/(-26). Let a = 474 - p. List the prime factors of a.
3, 131
Let c be (5 + -381)*(-17)/(-4). Let u = c + 2313. What are the prime factors of u?
5, 11, 13
List the prime factors of (-5)/20*(-25320 - -4).
6329
Let x = 14698 + 4284. List the prime factors of x.
2, 9491
Suppose -5*d = 4*b - 492, b - 86 = -4*d + 37. Let t be ((-4)/(-6))/(6/27). Suppose -b = 4*k + q - 422, -t*k + 3*q + 228 = 0. What are the prime factors of k?
3, 5
What are the prime factors of 174/(-435) + (-5)/((-25)/1972)?
2, 197
List the prime factors of (-3 - (-6122 - -2)) + 8/1.
5, 7
Suppose 5*u - 54086 = -4*r + 4565, -u + 5*r = -11765. List the prime factors of u.
5, 2347
Let c(h) = -5*h + 2. Let m be 3*(8/(-6) - -2). Suppose -m*s - 2*s = -3*a, -s = -4*a - 13. List the prime factors of c(s).
17
Suppose -3*a = -2*z - 1426, 2*z - 5*a = -781 - 637. Let h = 1342 + z. What are the prime factors of h?
7, 89
Let s(u) = -8*u**2 + 34*u + 1. Let o be s(-9). Let p = o + 1377. What are the prime factors of p?
2, 53
Let c be 14/6 - (-3)/(-9). Suppose -c*u + 34 = 2*q + 2*u, 4*q = 5*u + 94. Let i = 33 - q. List the prime factors of i.
2, 3
Let r = 4175 - 3028. List the prime factors of r.
31, 37
Suppose -31*m + 66879 = 3*t - 28*m, 44596 = 2*t - 3*m. What are the prime factors of t?
5, 7, 13
Suppose 0 = -f + 5, 2*f + 46 = 4*x - 72. Suppose 2*q - 207 = 3*r, -3*q + 8*q = -2*r + 546. Let o = q - x. List the prime factors of o.
2, 19
Let x = 22775 + -12423. What are the prime factors of x?
2, 647
Let i(z) = 2*z**3 + 11*z**2 - 6*z + 6. Let q be i(-6). Let s(w) = -7*w**2 - 2*w - 14. Let c be s(q). Let x = 395 + c. List the prime factors of x.
3, 13
Suppose -11*m + 7 = -15. List the prime factors of (-250)/(-10)*(15 - m).
5, 13
Let r(g) = -g**2 + 16*g - 5. Let y be r(15). Suppose -37 = -y*b + 3. Suppose b*f = -m + 149, 5*f - 574 = -2*m - 2*m. What are the prime factors of m?
3, 47
List the prime factors of 1*(0 - 1)/((-43)/562827).
3, 4363
Suppose -11*k = -28*k + 91052. Suppose -i - 3*s + 4*s = -1067, 0 = -5*i - 2*s + k. List the prime factors of i.
2, 5, 107
Let j(h) = h**3 + 12*h**2 + 9*h - 22. Let b be j(-11). Suppose 4*q + q + 2*q = b. Suppose q = -2*r + 34 + 58. List the prime factors of r.
2, 23
Let x be ((-240)/(-30))/(((-4)/(-2))/1). Let n(c) = 133*c - 44. What are the prime factors of n(x)?
2, 61
Suppose 33 = 15*h - 72. List the prime factors of 2*((-6363)/(-6))/h.
3, 101
Suppose -4*t = -40*o + 37*o - 77666, -2*t + 5*o + 38812 = 0. List the prime factors of t.
19421
Let b = 250 + 7996. What are the prime factors of b?
2, 7, 19, 31
Let m(w) be the second derivative of -263*w**3/6 + 23*w**2/2 - 5*w - 12. What are the prime factors of m(-2)?
3, 61
Suppose 7*p - 22 = 6. Let y = -23 + 25. Suppose p*n = y*n + 160. List the prime factors of n.
2, 5
Suppose 701 = 2*x - 5*k, x - 350 = -k + 3*k. Suppose -4*f + x = -160. Let p = -46 + f. List the prime factors of p.
3
Let k(m) = 128*m**2 + 97*m + 115. What are the prime factors of k(8)?
31, 293
Let k(x) be the third derivative of -23*x**4/24 + 9*x**3 - x**2 - 28*x. What are the prime factors of k(-9)?
3, 29
Let q(i) = -i + 2. Suppose 0 = -15*s + 20*s - 45. Let p be q(s). List the prime factors of (-361)/p + 15/35.
2, 13
Let k = -400 + 950. Suppose -2*q + k = n + 41, -4*n - 268 = -q. What are the prime factors of q?
2
Suppose -12*t = 1288 - 292. Let s be (-566)/4*(-2 + 0). Let j = t + s. What are the prime factors of j?
2, 5
List the prime factors of 1 + 12 + -13 + 16297.
43, 379
Suppose 26*i = -23*i + 53*i - 41340. What are the prime factors of i?
3, 5, 13, 53
Let y = -2463 - -6256. List the prime factors of y.
3793
What are the prime factors of (-20)/190 + 2226825/57 - (-5)/1?
2, 3, 11, 37
Suppose -3*w + 2*u = -12449, -w - 60*u = -62*u - 4159. List the prime factors of w.
5, 829
Let d = -767 - -769. Let g(f) = 792*f - 44. What are the prime factors of g(d)?
2, 5, 7, 11
Suppose 2*g - 49 = 3*g - 3*h, -g + 5*h - 43 = 0. Let b = g + 58. Suppose -228 = -2*l - b*u + 2*u, -u = 2*l - 237. List the prime factors of l.
3, 13
Suppose -j + 5*l = -21065, -19*j + 20*j - 21073 = -3*l. What are the prime factors of j?
2, 5, 7, 43
Let w(v) = -34*v + 16. Let g = 134 - 143. What are the prime factors of w(g)?
2, 7, 23
Let g be (10555/(-10) + 5)/(1/(-2)). Suppose 1089 = 10*n - g. What are the prime factors of n?
11, 29
Let u = 260 - 253. Suppose -u*k + 25*k = 12024. What are the prime factors of k?
2, 167
Let v(i) = 12*i**2 + 136*i + 1506. What are the prime factors of v(-56)?
2, 15761
Suppose 0 = 5*f + 4*s - 4760, 0 = 5*f - 3*s - 4225 - 500. Let y = f + -282. What are the prime factors of y?
2, 3, 37
Suppose v = -4*v + 50. Let q(m) = m**3 - 10*m**2 + 11. Let i be q(v). Let b = 50 + i. List the prime factor